he highest common factor of 138859068 and 57?
57
What is the greatest common factor of 2232074 and 21389?
293
What is the highest common factor of 158680 and 676?
4
Calculate the greatest common factor of 78797 and 2.
1
What is the highest common factor of 227 and 83037281?
227
What is the greatest common divisor of 53 and 90232076?
53
Calculate the greatest common divisor of 6348 and 1087367964.
6348
Calculate the highest common factor of 39350 and 2068236.
1574
Calculate the greatest common divisor of 333416456 and 2416.
1208
Calculate the highest common factor of 50843 and 15236.
13
What is the greatest common divisor of 1276731 and 396?
9
What is the highest common divisor of 2324 and 941150?
14
Calculate the greatest common factor of 627 and 2393829.
57
Calculate the greatest common divisor of 726 and 2043459.
33
Calculate the highest common divisor of 69718 and 2387.
11
What is the highest common factor of 1269029 and 3306?
19
What is the highest common divisor of 5133215 and 1299?
433
What is the greatest common factor of 22770847 and 30943?
1067
Calculate the highest common divisor of 3808 and 245152852.
476
Calculate the greatest common factor of 263853 and 836.
19
Calculate the greatest common divisor of 313747 and 8762.
337
Calculate the greatest common divisor of 51154270 and 190.
190
Calculate the greatest common divisor of 145206 and 513.
27
Calculate the greatest common factor of 20995820 and 20.
20
Calculate the highest common factor of 288114 and 407712.
186
Calculate the greatest common divisor of 24 and 12694566.
6
Calculate the highest common factor of 30888 and 7162155.
3861
Calculate the highest common factor of 1259769 and 933295.
239
Calculate the greatest common factor of 129 and 514419.
3
What is the greatest common factor of 29178616 and 128?
8
Calculate the greatest common divisor of 590 and 6090334.
118
What is the highest common divisor of 33597224 and 48?
8
Calculate the greatest common divisor of 2920 and 12356710.
730
What is the greatest common factor of 144080560 and 1040?
1040
What is the greatest common factor of 10716600 and 38418?
2022
What is the greatest common divisor of 5792 and 134934776?
1448
Calculate the greatest common factor of 5548135 and 4205.
145
Calculate the greatest common divisor of 56 and 6718350.
2
What is the highest common factor of 318278 and 187798?
466
What is the highest common factor of 65571 and 22803?
33
Calculate the highest common divisor of 80179261 and 932.
233
What is the highest common factor of 2058 and 596778?
42
What is the greatest common factor of 3675 and 47599825?
1225
Calculate the highest common factor of 5777 and 3861686.
53
Calculate the highest common factor of 222 and 94707642.
222
What is the greatest common divisor of 25340 and 104930?
70
Calculate the highest common factor of 4816 and 141728.
688
Calculate the greatest common factor of 1345520 and 8201.
139
Calculate the greatest common factor of 18755 and 1570.
5
Calculate the highest common divisor of 62 and 618069444.
62
Calculate the highest common divisor of 5440 and 536768.
64
Calculate the highest common factor of 475172 and 1065972.
844
Calculate the highest common divisor of 37661052 and 6630.
1326
What is the highest common divisor of 17 and 68108851?
17
What is the highest common factor of 1439 and 906644828?
1439
What is the highest common factor of 25392 and 5081712?
1104
Calculate the highest common divisor of 4204728 and 99.
99
What is the highest common divisor of 4478 and 39222802?
4478
Calculate the highest common factor of 202083 and 5824.
7
What is the greatest common factor of 270112739 and 143?
13
Calculate the highest common divisor of 18981 and 324881.
19
Calculate the highest common divisor of 240 and 1248120.
120
What is the highest common factor of 561260 and 210?
70
What is the highest common factor of 8 and 2293918?
2
What is the highest common divisor of 110842 and 437245?
157
Calculate the highest common divisor of 3643319 and 61168.
3823
What is the highest common factor of 31504252 and 12324?
4108
What is the greatest common divisor of 28112 and 57232?
112
Calculate the greatest common divisor of 618 and 31642836.
618
Calculate the greatest common divisor of 10179774 and 176.
22
Calculate the greatest common factor of 59994 and 4135142.
2222
Calculate the highest common divisor of 83218321 and 34821.
3869
Calculate the highest common factor of 26 and 90205934.
26
Calculate the highest common factor of 15808 and 502528.
832
Calculate the greatest common factor of 4186311 and 678.
339
Calculate the greatest common divisor of 560 and 140290.
10
What is the greatest common factor of 56229528 and 6464?
808
What is the greatest common divisor of 8493 and 60498321?
447
Calculate the highest common divisor of 14369704 and 426544.
4024
What is the highest common factor of 43245 and 48987?
9
Calculate the greatest common factor of 68 and 79215716.
68
Calculate the greatest common divisor of 231968713 and 447.
149
Calculate the greatest common factor of 1737 and 522972.
9
Calculate the highest common factor of 544 and 438675616.
544
Calculate the greatest common divisor of 982965053 and 3703.
3703
Calculate the greatest common divisor of 1326 and 6231690.
102
What is the highest common divisor of 4932 and 7666830?
18
What is the highest common divisor of 145031445 and 230?
115
Calculate the highest common factor of 24 and 38864.
8
What is the greatest common factor of 555048 and 905112?
936
Calculate the greatest common divisor of 41929360 and 265.
265
Calculate the greatest common divisor of 11335238 and 4724.
2362
What is the greatest common divisor of 92637215 and 10?
5
Calculate the greatest common divisor of 66496 and 2794910.
2078
What is the highest common factor of 11380 and 16775258?
1138
Calculate the greatest common divisor of 1937 and 858836.
149
What is the greatest common divisor of 1151864 and 301567?
469
What is the greatest common factor of 2037 and 6048?
21
What is the greatest common divisor of 390424 and 888?
296
Calculate the greatest common factor of 57908 and 2335.
467
Calculate the greatest common divisor of 199 and 11408869.
199
Calculate the highest common divisor of 1314624 and 336.
48
What is the greatest common factor of 3492 and 11160?
36
What is the greatest common divisor of 8300 and 2405650?
50
What is the highest common divisor of 1652540 and 260?
20
What is the greatest common factor of 1190792 and 1222?
94
What is the highest common factor of 53 and 94668600?
53
What is the greatest common factor of 387 and 12461997?
3
Calculate the highest common factor of 2214214 and 22.
2
What is the highest common factor of 4021629 and 197237?
3343
Calculate the highest common divisor of 44586 and 198.
18
Calculate the highest common divisor of 575 and 1193925.
25
What is the highest common divisor of 112038192 and 2016?
1008
What is the highest common divisor of 17626666 and 2126?
2126
What is the greatest common divisor of 363 and 8218947?
33
Calculate the greatest common factor of 10882868 and 8.
4
Calculate the greatest common divisor of 11529 and 1520425.
61
What is the highest common divisor of 1243500 and 28020?
60
What is the greatest common factor of 1907557 and 804?
67
What is the greatest common factor of 35601010 and 230?
230
Calculate the greatest common divisor of 19456 and 8449072.
304
Calculate the highest common divisor of 14420 and 43177806.
1442
Calculate the greatest common factor of 1476 and 520380036.
1476
Calculate the highest common factor of 50 and 431120530.
10
What is the greatest common divisor of 11442176 and 384?
128
What is the highest common factor of 13020657 and 2874?
1437
What is the highest common factor of 147616 and 131768?
56
What is the highest common factor of 5490 and 58515165?
2745
What is the greatest common factor of 14 and 1507721222?
14
What is the greatest common factor of 196316160 and 12?
12
What is the highest common factor of 323 and 1319341?
19
What is the greatest common factor of 18669629 and 2398?
1199
Calculate the greatest common factor of 267785 and 1285.
5
Calculate the highest common divisor of 33824 and 13984.
32
Calculate the highest common factor of 304463 and 92117.
251
What is the highest com